{"id":405,"date":"2020-10-13T11:33:38","date_gmt":"2020-10-13T09:33:38","guid":{"rendered":"https:\/\/noindex.kauscheundpartner.de\/lada\/?page_id=405"},"modified":"2022-10-19T10:56:50","modified_gmt":"2022-10-19T08:56:50","slug":"lieferservice-auto","status":"publish","type":"page","link":"https:\/\/noindex.kauscheundpartner.de\/lada\/lieferservice-auto\/","title":{"rendered":"Das sollte ein Lieferservice Auto k\u00f6nnen"},"content":{"rendered":"\t\t<div data-elementor-type=\"wp-page\" data-elementor-id=\"405\" class=\"elementor elementor-405\">\n\t\t\t\t\t\t<div class=\"elementor-inner\">\n\t\t\t\t<div class=\"elementor-section-wrap\">\n\t\t\t\t\t\t\t\t\t<section class=\"elementor-section elementor-top-section elementor-element elementor-element-dde53a6 elementor-section-content-middle elementor-section-boxed elementor-section-height-default elementor-section-height-default\" data-id=\"dde53a6\" data-element_type=\"section\">\n\t\t\t\t\t\t<div class=\"elementor-container elementor-column-gap-default\">\n\t\t\t\t\t\t\t<div class=\"elementor-row\">\n\t\t\t\t\t<div class=\"elementor-column elementor-col-100 elementor-top-column elementor-element elementor-element-a0eedaa\" data-id=\"a0eedaa\" data-element_type=\"column\">\n\t\t\t<div class=\"elementor-column-wrap elementor-element-populated\">\n\t\t\t\t\t\t\t<div class=\"elementor-widget-wrap\">\n\t\t\t\t\t\t<div class=\"elementor-element elementor-element-ce59c76 elementor-widget elementor-widget-heading\" data-id=\"ce59c76\" data-element_type=\"widget\" data-widget_type=\"heading.default\">\n\t\t\t\t<div class=\"elementor-widget-container\">\n\t\t\t<h1 class=\"elementor-heading-title elementor-size-default\">Das sollte ein Lieferservice Auto alles k\u00f6nnen<\/h1>\t\t<\/div>\n\t\t\t\t<\/div>\n\t\t\t\t\t\t<\/div>\n\t\t\t\t\t<\/div>\n\t\t<\/div>\n\t\t\t\t\t\t\t\t<\/div>\n\t\t\t\t\t<\/div>\n\t\t<\/section>\n\t\t\t\t<section class=\"elementor-section elementor-top-section elementor-element elementor-element-b453adb elementor-section-boxed elementor-section-height-default elementor-section-height-default\" data-id=\"b453adb\" data-element_type=\"section\" data-settings=\"{&quot;background_background&quot;:&quot;gradient&quot;}\">\n\t\t\t\t\t\t<div class=\"elementor-container elementor-column-gap-default\">\n\t\t\t\t\t\t\t<div class=\"elementor-row\">\n\t\t\t\t\t<div class=\"elementor-column elementor-col-50 elementor-top-column elementor-element elementor-element-3b1dc28\" data-id=\"3b1dc28\" data-element_type=\"column\" data-settings=\"{&quot;background_background&quot;:&quot;classic&quot;}\">\n\t\t\t<div class=\"elementor-column-wrap elementor-element-populated\">\n\t\t\t\t\t\t\t<div class=\"elementor-widget-wrap\">\n\t\t\t\t\t\t<div class=\"elementor-element elementor-element-8aa071e elementor-widget elementor-widget-text-editor\" data-id=\"8aa071e\" data-element_type=\"widget\" data-widget_type=\"text-editor.default\">\n\t\t\t\t<div class=\"elementor-widget-container\">\n\t\t\t\t\t\t\t\t<div class=\"elementor-text-editor elementor-clearfix\">\n\t\t\t\tWenn Sie <strong >Lebensmittel ausliefern<\/strong>, m\u00f6chten Sie sicher sein, dass Ihr Auto <strong>zuverl\u00e4ssig<\/strong> ist und nicht so schnell eine Panne bekommt. Schlie\u00dflich haben Sie hungrige Kunden, die auf Ihr Essen warten. Also sollte das Auto robust sein. Sie m\u00f6chten auch nicht, dass Ihre Lebensmittel kalt werden. Sei es eine Pizza, Burger, D\u00f6ner, asiatisches Essen oder was auch immer. Deshalb sollte das Fahrzeug gut voran kommen.\t\t\t\t\t<\/div>\n\t\t\t\t\t\t<\/div>\n\t\t\t\t<\/div>\n\t\t\t\t\t\t<\/div>\n\t\t\t\t\t<\/div>\n\t\t<\/div>\n\t\t\t\t<div class=\"elementor-column elementor-col-50 elementor-top-column elementor-element elementor-element-48ce00f\" data-id=\"48ce00f\" data-element_type=\"column\">\n\t\t\t<div class=\"elementor-column-wrap elementor-element-populated\">\n\t\t\t\t\t\t\t<div class=\"elementor-widget-wrap\">\n\t\t\t\t\t\t<div class=\"elementor-element elementor-element-ffc08b6 elementor-widget elementor-widget-image\" data-id=\"ffc08b6\" data-element_type=\"widget\" data-widget_type=\"image.default\">\n\t\t\t\t<div class=\"elementor-widget-container\">\n\t\t\t\t\t\t\t\t<div class=\"elementor-image\">\n\t\t\t\t\t\t\t\t\t\t\t\t<img width=\"300\" height=\"277\" src=\"https:\/\/noindex.kauscheundpartner.de\/lada\/wp-content\/uploads\/2020\/10\/Pizzalieferantin-300x277.png\" class=\"attachment-medium size-medium\" alt=\"Pizzalieferantin mit zwei Pizzakartons und gelber Arbeitskleidung\" loading=\"lazy\" srcset=\"https:\/\/noindex.kauscheundpartner.de\/lada\/wp-content\/uploads\/2020\/10\/Pizzalieferantin-300x277.png 300w, https:\/\/noindex.kauscheundpartner.de\/lada\/wp-content\/uploads\/2020\/10\/Pizzalieferantin-600x555.png 600w, https:\/\/noindex.kauscheundpartner.de\/lada\/wp-content\/uploads\/2020\/10\/Pizzalieferantin.png 700w\" sizes=\"(max-width: 300px) 100vw, 300px\" \/>\t\t\t\t\t\t\t\t\t\t\t\t\t\t<\/div>\n\t\t\t\t\t\t<\/div>\n\t\t\t\t<\/div>\n\t\t\t\t\t\t<\/div>\n\t\t\t\t\t<\/div>\n\t\t<\/div>\n\t\t\t\t\t\t\t\t<\/div>\n\t\t\t\t\t<\/div>\n\t\t<\/section>\n\t\t\t\t<section class=\"elementor-section elementor-top-section elementor-element elementor-element-b8b88d2 elementor-section-boxed elementor-section-height-default elementor-section-height-default\" data-id=\"b8b88d2\" data-element_type=\"section\">\n\t\t\t\t\t\t<div class=\"elementor-container elementor-column-gap-default\">\n\t\t\t\t\t\t\t<div class=\"elementor-row\">\n\t\t\t\t\t<div class=\"elementor-column elementor-col-50 elementor-top-column elementor-element elementor-element-fcf67cd\" data-id=\"fcf67cd\" data-element_type=\"column\">\n\t\t\t<div class=\"elementor-column-wrap elementor-element-populated\">\n\t\t\t\t\t\t\t<div class=\"elementor-widget-wrap\">\n\t\t\t\t\t\t<div class=\"elementor-element elementor-element-cb27813 elementor-widget elementor-widget-image\" data-id=\"cb27813\" data-element_type=\"widget\" data-widget_type=\"image.default\">\n\t\t\t\t<div class=\"elementor-widget-container\">\n\t\t\t\t\t\t\t\t<div class=\"elementor-image\">\n\t\t\t\t\t\t\t\t\t\t\t\t<img width=\"700\" height=\"371\" src=\"https:\/\/noindex.kauscheundpartner.de\/lada\/wp-content\/uploads\/2020\/10\/Tankstelle.jpg\" class=\"attachment-medium_large size-medium_large\" alt=\"\" loading=\"lazy\" srcset=\"https:\/\/noindex.kauscheundpartner.de\/lada\/wp-content\/uploads\/2020\/10\/Tankstelle.jpg 700w, https:\/\/noindex.kauscheundpartner.de\/lada\/wp-content\/uploads\/2020\/10\/Tankstelle-600x318.jpg 600w, https:\/\/noindex.kauscheundpartner.de\/lada\/wp-content\/uploads\/2020\/10\/Tankstelle-300x159.jpg 300w\" sizes=\"(max-width: 700px) 100vw, 700px\" \/>\t\t\t\t\t\t\t\t\t\t\t\t\t\t<\/div>\n\t\t\t\t\t\t<\/div>\n\t\t\t\t<\/div>\n\t\t\t\t\t\t<\/div>\n\t\t\t\t\t<\/div>\n\t\t<\/div>\n\t\t\t\t<div class=\"elementor-column elementor-col-50 elementor-top-column elementor-element elementor-element-dcc5655\" data-id=\"dcc5655\" data-element_type=\"column\">\n\t\t\t<div class=\"elementor-column-wrap elementor-element-populated\">\n\t\t\t\t\t\t\t<div class=\"elementor-widget-wrap\">\n\t\t\t\t\t\t<div class=\"elementor-element elementor-element-954babe elementor-widget elementor-widget-text-editor\" data-id=\"954babe\" data-element_type=\"widget\" data-widget_type=\"text-editor.default\">\n\t\t\t\t<div class=\"elementor-widget-container\">\n\t\t\t\t\t\t\t\t<div class=\"elementor-text-editor elementor-clearfix\">\n\t\t\t\tDas Fahrzeug sollte einen <strong>niedrigen Spritverbrauch<\/strong> haben, da sonst das Geld, das Sie f\u00fcr Kraftstoff ausgeben, Ihren Gewinn schm\u00e4lern w\u00fcrde. Hier bietet sich also ein sparsames elektrisch betriebenes Fahrzeug an. Die Investition in ein <strong>Elektroauto<\/strong> wird sich schnell amortisieren.\t\t\t\t\t<\/div>\n\t\t\t\t\t\t<\/div>\n\t\t\t\t<\/div>\n\t\t\t\t<div class=\"elementor-element elementor-element-7d8fbc3 elementor-widget elementor-widget-text-editor\" data-id=\"7d8fbc3\" data-element_type=\"widget\" data-widget_type=\"text-editor.default\">\n\t\t\t\t<div class=\"elementor-widget-container\">\n\t\t\t\t\t\t\t\t<div class=\"elementor-text-editor elementor-clearfix\">\n\t\t\t\t<p>Es ist auch wichtig, dass Ihr Auto bei schlechtem Wetter gut f\u00e4hrt, da Sie wissen, dass die Leute mehr bestellen werden, wenn das Wetter am schlechtesten ist.<\/p>\t\t\t\t\t<\/div>\n\t\t\t\t\t\t<\/div>\n\t\t\t\t<\/div>\n\t\t\t\t\t\t<\/div>\n\t\t\t\t\t<\/div>\n\t\t<\/div>\n\t\t\t\t\t\t\t\t<\/div>\n\t\t\t\t\t<\/div>\n\t\t<\/section>\n\t\t\t\t<section class=\"elementor-section elementor-top-section elementor-element elementor-element-f3e645e elementor-section-boxed elementor-section-height-default elementor-section-height-default\" data-id=\"f3e645e\" data-element_type=\"section\">\n\t\t\t\t\t\t<div class=\"elementor-container elementor-column-gap-default\">\n\t\t\t\t\t\t\t<div class=\"elementor-row\">\n\t\t\t\t\t<div class=\"elementor-column elementor-col-50 elementor-top-column elementor-element elementor-element-936a383\" data-id=\"936a383\" data-element_type=\"column\">\n\t\t\t<div class=\"elementor-column-wrap elementor-element-populated\">\n\t\t\t\t\t\t\t<div class=\"elementor-widget-wrap\">\n\t\t\t\t\t\t<div class=\"elementor-element elementor-element-53c4666 elementor-widget elementor-widget-text-editor\" data-id=\"53c4666\" data-element_type=\"widget\" data-widget_type=\"text-editor.default\">\n\t\t\t\t<div class=\"elementor-widget-container\">\n\t\t\t\t\t\t\t\t<div class=\"elementor-text-editor elementor-clearfix\">\n\t\t\t\tMeistens parkt man dann bei den Kunden direkt vor der Haust\u00fcr und muss schnell eine geeignete <strong>Parkl\u00fccke<\/strong> finden. Die sind in der Stadt h\u00e4ufig sehr eng. Daf\u00fcr eignen sich kleine wendige Autos am besten. Man kann sie schnell in extrem kleine Parkl\u00fccken man\u00f6vrieren. Unterst\u00fctzend k\u00f6nnte das Auto noch <strong>Parksensoren<\/strong> und eine <strong>R\u00fcckfahrkamera<\/strong> haben.\t\t\t\t\t<\/div>\n\t\t\t\t\t\t<\/div>\n\t\t\t\t<\/div>\n\t\t\t\t<div class=\"elementor-element elementor-element-9b0cbd4 elementor-widget elementor-widget-text-editor\" data-id=\"9b0cbd4\" data-element_type=\"widget\" data-widget_type=\"text-editor.default\">\n\t\t\t\t<div class=\"elementor-widget-container\">\n\t\t\t\t\t\t\t\t<div class=\"elementor-text-editor elementor-clearfix\">\n\t\t\t\t<p>Das sollte ein Lieferservice Auto alles k\u00f6nnen\u200b:<\/p><ul><li>zuverl\u00e4ssig<\/li><li>robust<\/li><li>niedriger Verbrauch (bzw. Elektroantrieb)<\/li><li>allwettertauglich<\/li><li>klein und wendig<\/li><li>Parksensoren und R\u00fcckfahrkamera<\/li><\/ul>\t\t\t\t\t<\/div>\n\t\t\t\t\t\t<\/div>\n\t\t\t\t<\/div>\n\t\t\t\t\t\t<\/div>\n\t\t\t\t\t<\/div>\n\t\t<\/div>\n\t\t\t\t<div class=\"elementor-column elementor-col-50 elementor-top-column elementor-element elementor-element-ab71d77\" data-id=\"ab71d77\" data-element_type=\"column\">\n\t\t\t<div class=\"elementor-column-wrap elementor-element-populated\">\n\t\t\t\t\t\t\t<div class=\"elementor-widget-wrap\">\n\t\t\t\t\t\t<div class=\"elementor-element elementor-element-06bb64f elementor-widget elementor-widget-image\" data-id=\"06bb64f\" data-element_type=\"widget\" data-widget_type=\"image.default\">\n\t\t\t\t<div class=\"elementor-widget-container\">\n\t\t\t\t\t\t\t\t<div class=\"elementor-image\">\n\t\t\t\t\t\t\t\t\t\t\t\t<img width=\"700\" height=\"466\" src=\"https:\/\/noindex.kauscheundpartner.de\/lada\/wp-content\/uploads\/2020\/10\/Essenslieferant.jpg\" class=\"attachment-medium_large size-medium_large\" alt=\"\" loading=\"lazy\" srcset=\"https:\/\/noindex.kauscheundpartner.de\/lada\/wp-content\/uploads\/2020\/10\/Essenslieferant.jpg 700w, https:\/\/noindex.kauscheundpartner.de\/lada\/wp-content\/uploads\/2020\/10\/Essenslieferant-600x399.jpg 600w, https:\/\/noindex.kauscheundpartner.de\/lada\/wp-content\/uploads\/2020\/10\/Essenslieferant-300x200.jpg 300w\" sizes=\"(max-width: 700px) 100vw, 700px\" \/>\t\t\t\t\t\t\t\t\t\t\t\t\t\t<\/div>\n\t\t\t\t\t\t<\/div>\n\t\t\t\t<\/div>\n\t\t\t\t\t\t<\/div>\n\t\t\t\t\t<\/div>\n\t\t<\/div>\n\t\t\t\t\t\t\t\t<\/div>\n\t\t\t\t\t<\/div>\n\t\t<\/section>\n\t\t\t\t<section class=\"elementor-section elementor-top-section elementor-element elementor-element-d0b4265 elementor-section-boxed elementor-section-height-default elementor-section-height-default\" data-id=\"d0b4265\" data-element_type=\"section\">\n\t\t\t\t\t\t<div class=\"elementor-container elementor-column-gap-default\">\n\t\t\t\t\t\t\t<div class=\"elementor-row\">\n\t\t\t\t\t<div class=\"elementor-column elementor-col-100 elementor-top-column elementor-element elementor-element-1cbfdbe\" data-id=\"1cbfdbe\" data-element_type=\"column\">\n\t\t\t<div class=\"elementor-column-wrap elementor-element-populated\">\n\t\t\t\t\t\t\t<div class=\"elementor-widget-wrap\">\n\t\t\t\t\t\t<div class=\"elementor-element elementor-element-2506438 elementor-widget elementor-widget-image\" data-id=\"2506438\" data-element_type=\"widget\" data-widget_type=\"image.default\">\n\t\t\t\t<div class=\"elementor-widget-container\">\n\t\t\t\t\t\t\t\t<div class=\"elementor-image\">\n\t\t\t\t\t\t\t\t\t\t\t\t\t<a href=\"\/zhidou-d2s\/\">\n\t\t\t\t\t\t\t<img width=\"768\" height=\"389\" src=\"https:\/\/noindex.kauscheundpartner.de\/lada\/wp-content\/uploads\/2020\/10\/D2sfront-768x389.jpg\" class=\"attachment-medium_large size-medium_large\" alt=\"roter Zhidou d2s von vorne\" loading=\"lazy\" srcset=\"https:\/\/noindex.kauscheundpartner.de\/lada\/wp-content\/uploads\/2020\/10\/D2sfront-768x389.jpg 768w, https:\/\/noindex.kauscheundpartner.de\/lada\/wp-content\/uploads\/2020\/10\/D2sfront-600x304.jpg 600w, https:\/\/noindex.kauscheundpartner.de\/lada\/wp-content\/uploads\/2020\/10\/D2sfront-300x152.jpg 300w, https:\/\/noindex.kauscheundpartner.de\/lada\/wp-content\/uploads\/2020\/10\/D2sfront-1024x519.jpg 1024w, https:\/\/noindex.kauscheundpartner.de\/lada\/wp-content\/uploads\/2020\/10\/D2sfront.jpg 1440w\" sizes=\"(max-width: 768px) 100vw, 768px\" \/>\t\t\t\t\t\t\t\t<\/a>\n\t\t\t\t\t\t\t\t\t\t\t\t\t\t<\/div>\n\t\t\t\t\t\t<\/div>\n\t\t\t\t<\/div>\n\t\t\t\t\t\t<\/div>\n\t\t\t\t\t<\/div>\n\t\t<\/div>\n\t\t\t\t<div class=\"elementor-column elementor-col-100 elementor-top-column elementor-element elementor-element-204fb5e\" data-id=\"204fb5e\" data-element_type=\"column\">\n\t\t\t<div class=\"elementor-column-wrap elementor-element-populated\">\n\t\t\t\t\t\t\t<div class=\"elementor-widget-wrap\">\n\t\t\t\t\t\t<div class=\"elementor-element elementor-element-02e1f36 elementor-widget elementor-widget-heading\" data-id=\"02e1f36\" data-element_type=\"widget\" data-widget_type=\"heading.default\">\n\t\t\t\t<div class=\"elementor-widget-container\">\n\t\t\t<h2 class=\"elementor-heading-title elementor-size-default\">Die perfekte L\u00f6sung<\/h2>\t\t<\/div>\n\t\t\t\t<\/div>\n\t\t\t\t<div class=\"elementor-element elementor-element-0e359d2 elementor-widget elementor-widget-text-editor\" data-id=\"0e359d2\" data-element_type=\"widget\" data-widget_type=\"text-editor.default\">\n\t\t\t\t<div class=\"elementor-widget-container\">\n\t\t\t\t\t\t\t\t<div class=\"elementor-text-editor elementor-clearfix\">\n\t\t\t\t<p>Unsere optimalste L\u00f6sung als Auto f\u00fcr einen Lieferservice mit Lebensmittel ist der <a href=\"\/zhidou-d2s\/\">ZhiDou D2s<\/a>. Er ist zuverl\u00e4ssig, robust, hat einen Elektroantrieb und ist allwettertauglich. Der kleine, wendige Flitzer ist mit vielen Extras wie z.B Parksensoren und einer R\u00fcckfahrkamera ausgestattet.<\/p>\t\t\t\t\t<\/div>\n\t\t\t\t\t\t<\/div>\n\t\t\t\t<\/div>\n\t\t\t\t<div class=\"elementor-element elementor-element-e7cefd5 elementor-align-left elementor-widget elementor-widget-button\" data-id=\"e7cefd5\" data-element_type=\"widget\" data-widget_type=\"button.default\">\n\t\t\t\t<div class=\"elementor-widget-container\">\n\t\t\t\t\t<div class=\"elementor-button-wrapper\">\n\t\t\t<a href=\"\/zhidou-d2s\/\" class=\"elementor-button-link elementor-button elementor-size-sm\" role=\"button\">\n\t\t\t\t\t\t<span class=\"elementor-button-content-wrapper\">\n\t\t\t\t\t\t<span class=\"elementor-button-text\">MEHR INFOS<\/span>\n\t\t<\/span>\n\t\t\t\t\t<\/a>\n\t\t<\/div>\n\t\t\t\t<\/div>\n\t\t\t\t<\/div>\n\t\t\t\t\t\t<\/div>\n\t\t\t\t\t<\/div>\n\t\t<\/div>\n\t\t\t\t\t\t\t\t<\/div>\n\t\t\t\t\t<\/div>\n\t\t<\/section>\n\t\t\t\t\t\t\t\t\t<\/div>\n\t\t\t<\/div>\n\t\t\t\t\t<\/div>\n\t\t","protected":false},"excerpt":{"rendered":"<p>Das sollte ein Lieferservice Auto alles k\u00f6nnen Wenn Sie Lebensmittel ausliefern, m\u00f6chten Sie sicher sein, dass Ihr Auto zuverl\u00e4ssig ist und nicht so schnell eine Panne bekommt. Schlie\u00dflich haben Sie hungrige Kunden, die auf Ihr Essen warten. Also sollte das Auto robust sein. Sie m\u00f6chten auch nicht, dass Ihre Lebensmittel kalt werden. Sei es eine&hellip;&nbsp;<a href=\"https:\/\/noindex.kauscheundpartner.de\/lada\/lieferservice-auto\/\" class=\"\" rel=\"bookmark\">Weiterlesen &raquo;<span class=\"screen-reader-text\">Das sollte ein Lieferservice Auto k\u00f6nnen<\/span><\/a><\/p>\n","protected":false},"author":1,"featured_media":0,"parent":0,"menu_order":0,"comment_status":"closed","ping_status":"closed","template":"page-templates\/template-pagebuilder-full-width.php","meta":{"neve_meta_sidebar":"full-width","neve_meta_container":"","neve_meta_enable_content_width":"on","neve_meta_content_width":100,"neve_meta_title_alignment":"","neve_meta_author_avatar":"","neve_post_elements_order":"","neve_meta_disable_header":"","neve_meta_disable_footer":"","neve_meta_disable_title":""},"yoast_head":"<!-- This site is optimized with the Yoast SEO plugin v19.8 - https:\/\/yoast.com\/wordpress\/plugins\/seo\/ -->\n<title>Das sollte ein Lieferservice Auto k\u00f6nnen - LADA Auto-Center<\/title>\n<meta name=\"robots\" content=\"index, follow, max-snippet:-1, max-image-preview:large, max-video-preview:-1\" \/>\n<link rel=\"canonical\" href=\"https:\/\/noindex.kauscheundpartner.de\/lada\/lieferservice-auto\/\" \/>\n<meta property=\"og:locale\" content=\"de_DE\" \/>\n<meta property=\"og:type\" content=\"article\" \/>\n<meta property=\"og:title\" content=\"Das sollte ein Lieferservice Auto k\u00f6nnen - LADA Auto-Center\" \/>\n<meta property=\"og:description\" content=\"Das sollte ein Lieferservice Auto alles k\u00f6nnen Wenn Sie Lebensmittel ausliefern, m\u00f6chten Sie sicher sein, dass Ihr Auto zuverl\u00e4ssig ist und nicht so schnell eine Panne bekommt. Schlie\u00dflich haben Sie hungrige Kunden, die auf Ihr Essen warten. Also sollte das Auto robust sein. Sie m\u00f6chten auch nicht, dass Ihre Lebensmittel kalt werden. Sei es eine&hellip;&nbsp;Weiterlesen &raquo;Das sollte ein Lieferservice Auto k\u00f6nnen\" \/>\n<meta property=\"og:url\" content=\"https:\/\/noindex.kauscheundpartner.de\/lada\/lieferservice-auto\/\" \/>\n<meta property=\"og:site_name\" content=\"LADA Auto-Center\" \/>\n<meta property=\"article:modified_time\" content=\"2022-10-19T08:56:50+00:00\" \/>\n<meta property=\"og:image\" content=\"https:\/\/noindex.kauscheundpartner.de\/lada\/wp-content\/uploads\/2020\/10\/Pizzalieferantin-300x277.png\" \/>\n<meta name=\"twitter:card\" content=\"summary_large_image\" \/>\n<meta name=\"twitter:label1\" content=\"Gesch\u00e4tzte Lesezeit\" \/>\n\t<meta name=\"twitter:data1\" content=\"3 Minuten\" \/>\n<script type=\"application\/ld+json\" class=\"yoast-schema-graph\">{\"@context\":\"https:\/\/schema.org\",\"@graph\":[{\"@type\":\"WebPage\",\"@id\":\"https:\/\/noindex.kauscheundpartner.de\/lada\/lieferservice-auto\/\",\"url\":\"https:\/\/noindex.kauscheundpartner.de\/lada\/lieferservice-auto\/\",\"name\":\"Das sollte ein Lieferservice Auto k\u00f6nnen - LADA Auto-Center\",\"isPartOf\":{\"@id\":\"https:\/\/noindex.kauscheundpartner.de\/lada\/#website\"},\"datePublished\":\"2020-10-13T09:33:38+00:00\",\"dateModified\":\"2022-10-19T08:56:50+00:00\",\"breadcrumb\":{\"@id\":\"https:\/\/noindex.kauscheundpartner.de\/lada\/lieferservice-auto\/#breadcrumb\"},\"inLanguage\":\"de-DE\",\"potentialAction\":[{\"@type\":\"ReadAction\",\"target\":[\"https:\/\/noindex.kauscheundpartner.de\/lada\/lieferservice-auto\/\"]}]},{\"@type\":\"BreadcrumbList\",\"@id\":\"https:\/\/noindex.kauscheundpartner.de\/lada\/lieferservice-auto\/#breadcrumb\",\"itemListElement\":[{\"@type\":\"ListItem\",\"position\":1,\"name\":\"Startseite\",\"item\":\"https:\/\/noindex.kauscheundpartner.de\/lada\/\"},{\"@type\":\"ListItem\",\"position\":2,\"name\":\"Das sollte ein Lieferservice Auto k\u00f6nnen\"}]},{\"@type\":\"WebSite\",\"@id\":\"https:\/\/noindex.kauscheundpartner.de\/lada\/#website\",\"url\":\"https:\/\/noindex.kauscheundpartner.de\/lada\/\",\"name\":\"LADA Auto-Center\",\"description\":\"Neu- und Gebrauchtwagen \",\"potentialAction\":[{\"@type\":\"SearchAction\",\"target\":{\"@type\":\"EntryPoint\",\"urlTemplate\":\"https:\/\/noindex.kauscheundpartner.de\/lada\/?s={search_term_string}\"},\"query-input\":\"required name=search_term_string\"}],\"inLanguage\":\"de-DE\"}]}<\/script>\n<!-- \/ Yoast SEO plugin. -->","yoast_head_json":{"title":"Das sollte ein Lieferservice Auto k\u00f6nnen - LADA Auto-Center","robots":{"index":"index","follow":"follow","max-snippet":"max-snippet:-1","max-image-preview":"max-image-preview:large","max-video-preview":"max-video-preview:-1"},"canonical":"https:\/\/noindex.kauscheundpartner.de\/lada\/lieferservice-auto\/","og_locale":"de_DE","og_type":"article","og_title":"Das sollte ein Lieferservice Auto k\u00f6nnen - LADA Auto-Center","og_description":"Das sollte ein Lieferservice Auto alles k\u00f6nnen Wenn Sie Lebensmittel ausliefern, m\u00f6chten Sie sicher sein, dass Ihr Auto zuverl\u00e4ssig ist und nicht so schnell eine Panne bekommt. Schlie\u00dflich haben Sie hungrige Kunden, die auf Ihr Essen warten. Also sollte das Auto robust sein. Sie m\u00f6chten auch nicht, dass Ihre Lebensmittel kalt werden. Sei es eine&hellip;&nbsp;Weiterlesen &raquo;Das sollte ein Lieferservice Auto k\u00f6nnen","og_url":"https:\/\/noindex.kauscheundpartner.de\/lada\/lieferservice-auto\/","og_site_name":"LADA Auto-Center","article_modified_time":"2022-10-19T08:56:50+00:00","og_image":[{"url":"https:\/\/noindex.kauscheundpartner.de\/lada\/wp-content\/uploads\/2020\/10\/Pizzalieferantin-300x277.png"}],"twitter_card":"summary_large_image","twitter_misc":{"Gesch\u00e4tzte Lesezeit":"3 Minuten"},"schema":{"@context":"https:\/\/schema.org","@graph":[{"@type":"WebPage","@id":"https:\/\/noindex.kauscheundpartner.de\/lada\/lieferservice-auto\/","url":"https:\/\/noindex.kauscheundpartner.de\/lada\/lieferservice-auto\/","name":"Das sollte ein Lieferservice Auto k\u00f6nnen - LADA Auto-Center","isPartOf":{"@id":"https:\/\/noindex.kauscheundpartner.de\/lada\/#website"},"datePublished":"2020-10-13T09:33:38+00:00","dateModified":"2022-10-19T08:56:50+00:00","breadcrumb":{"@id":"https:\/\/noindex.kauscheundpartner.de\/lada\/lieferservice-auto\/#breadcrumb"},"inLanguage":"de-DE","potentialAction":[{"@type":"ReadAction","target":["https:\/\/noindex.kauscheundpartner.de\/lada\/lieferservice-auto\/"]}]},{"@type":"BreadcrumbList","@id":"https:\/\/noindex.kauscheundpartner.de\/lada\/lieferservice-auto\/#breadcrumb","itemListElement":[{"@type":"ListItem","position":1,"name":"Startseite","item":"https:\/\/noindex.kauscheundpartner.de\/lada\/"},{"@type":"ListItem","position":2,"name":"Das sollte ein Lieferservice Auto k\u00f6nnen"}]},{"@type":"WebSite","@id":"https:\/\/noindex.kauscheundpartner.de\/lada\/#website","url":"https:\/\/noindex.kauscheundpartner.de\/lada\/","name":"LADA Auto-Center","description":"Neu- und Gebrauchtwagen ","potentialAction":[{"@type":"SearchAction","target":{"@type":"EntryPoint","urlTemplate":"https:\/\/noindex.kauscheundpartner.de\/lada\/?s={search_term_string}"},"query-input":"required name=search_term_string"}],"inLanguage":"de-DE"}]}},"_links":{"self":[{"href":"https:\/\/noindex.kauscheundpartner.de\/lada\/wp-json\/wp\/v2\/pages\/405"}],"collection":[{"href":"https:\/\/noindex.kauscheundpartner.de\/lada\/wp-json\/wp\/v2\/pages"}],"about":[{"href":"https:\/\/noindex.kauscheundpartner.de\/lada\/wp-json\/wp\/v2\/types\/page"}],"author":[{"embeddable":true,"href":"https:\/\/noindex.kauscheundpartner.de\/lada\/wp-json\/wp\/v2\/users\/1"}],"replies":[{"embeddable":true,"href":"https:\/\/noindex.kauscheundpartner.de\/lada\/wp-json\/wp\/v2\/comments?post=405"}],"version-history":[{"count":10,"href":"https:\/\/noindex.kauscheundpartner.de\/lada\/wp-json\/wp\/v2\/pages\/405\/revisions"}],"predecessor-version":[{"id":1766,"href":"https:\/\/noindex.kauscheundpartner.de\/lada\/wp-json\/wp\/v2\/pages\/405\/revisions\/1766"}],"wp:attachment":[{"href":"https:\/\/noindex.kauscheundpartner.de\/lada\/wp-json\/wp\/v2\/media?parent=405"}],"curies":[{"name":"wp","href":"https:\/\/api.w.org\/{rel}","templated":true}]}}